Calculate the highest common factor of x and b.
1
Suppose 5*k - 52 = -3*q, 3*k - 48 = -4*q + 7*k. Let h be (-56)/(-12) - (-6)/(-9). Suppose -h*d = -7*d + 42. What is the highest common divisor of d and q?
14
Let x = -1464 - -1495. Calculate the greatest common factor of 2201 and x.
31
Suppose -4*r - 4*f + f + 771 = 0, -5*r + 4*f + 956 = 0. What is the greatest common divisor of 12 and r?
12
Let b(o) = -o**3 + 24*o**2 - o - 86. Let l be b(20). Calculate the greatest common factor of 36 and l.
18
Let g be 7/((-28)/(-400))*(12 + -10). What is the highest common factor of 25 and g?
25
Let s(a) = 16*a + 904. Let u be s(-51). Calculate the highest common divisor of 1012 and u.
44
Let g(l) = l**2 + 6*l + 2. Let z be g(-6). Let d(s) = s**2 + 3*s + 1. Let p be d(-3). Calculate the highest common factor of p and z.
1
Let h be (-80)/15*18/(-8). Let j = 72 - 42. Let z = j - h. What is the highest common divisor of z and 45?
9
Let s be (-256)/(-18) - 4/18. Suppose 9*l - 3*l - 360 = 0. Let j = l - 58. What is the greatest common divisor of j and s?
2
Suppose -646*b + 637*b + 1035 = 0. Calculate the greatest common factor of 23 and b.
23
Suppose 4*z + 1 = -r - 0, 0 = -3*z - 2*r + 3. Let t be 56 - z/(3/(-6)). What is the highest common divisor of t and 135?
27
Let s = -171 + 176. What is the greatest common divisor of 4 and s?
1
Let t = -336 - -368. Calculate the greatest common divisor of t and 136.
8
Let h be (6 - 9)/(((-9)/318)/1). Suppose -340 + h = -2*p. What is the greatest common divisor of p and 9?
9
Let d be -52*((-4)/(-2))/(-4). Let y be (d/2)/1 + -2. Let q(x) = -x**3 + 11*x**2 + 2*x - 5. Let i be q(y). Calculate the highest common factor of 34 and i.
17
Suppose 3*d = 2*b + 2444, d - 4*b + 3*b - 814 = 0. Calculate the highest common factor of d and 306.
102
Suppose -106*b = -98*b - 72. Calculate the greatest common factor of b and 63.
9
Suppose 0 = 5*l + 4*l - 2565. Calculate the highest common divisor of 15 and l.
15
Let a(g) = -6*g + 102. Let r be a(11). Calculate the greatest common factor of r and 90.
18
Let m be 12/(((-2)/(-8))/(2/8)). Let z(k) = 18*k**3 - 2*k**2 + 1. Let x be z(2). Let c = -41 + x. What is the greatest common factor of c and m?
12
Let a(w) = w**2 - 24*w + 30. Let t be a(23). What is the highest common factor of 14 and t?
7
Let b = -3 - -31. Let r be (-668)/(-6) - 84/(-126). Calculate the highest common divisor of b and r.
28
Let n = -1602 + 1810. Calculate the highest common factor of 144 and n.
16
Let h be 0 + 14 - (4 - 10). What is the greatest common divisor of h and 320?
20
Suppose -5*o = -o - 160. Suppose -4*x - 119 = 1. Let f be (o/x)/(2/(-168)). What is the greatest common divisor of 14 and f?
14
Suppose -210 = -5*g - 55. What is the highest common factor of g and 2?
1
Suppose 2*v - 3*x - 4860 = 0, -2*v - 4*x + 5284 = 452. Calculate the greatest common divisor of 24 and v.
24
Let g(t) = -t - 1. Let m be g(-1). Suppose 2*a + 1 - 23 = m. Let v = 45 + -34. Calculate the highest common factor of v and a.
11
Let a(g) = -g**2 + 15*g - 17. Let r be a(13). Let d be (-78)/4 - r/6. Let j be 1*d/(-6 + 3). Calculate the greatest common divisor of 21 and j.
7
Let s = 1165 - 1149. Calculate the highest common factor of 2288 and s.
16
Let b = 62 + 274. Calculate the greatest common divisor of 32 and b.
16
Let f be 77/7 + -3*(-4 - -3). What is the greatest common divisor of 21 and f?
7
Suppose -4*s = -5*y + 19, 0 = y - 2*s - 3 - 2. Suppose -3*z + 345 = y*d, 2*z + 31 - 231 = 4*d. Calculate the greatest common factor of 10 and z.
10
Let y be 17 + 3/((-9)/(-3)). Let m(a) = 19*a**2 - 4. Let d be m(2). What is the greatest common divisor of y and d?
18
Suppose 5*u = -2*k + 114, -303 = -5*k - 2*u - 18. Calculate the greatest common divisor of k and 57.
57
Let z(o) = o**2 + 9*o - 14. Let x be (0 + 3 - 8)*-1. Let d be z(x). What is the greatest common divisor of d and 28?
28
Let u = 228 - 225. Calculate the greatest common divisor of u and 12.
3
Let p be 6/(-9)*(11 + -2). Suppose -4*o - r = -12, 2*r + 0 = 2*o + 4. Let u be (-23)/p + o/12. Calculate the greatest common divisor of 6 and u.
2
Let v be 39/4*96/9. Calculate the greatest common divisor of 65 and v.
13
Suppose 5*t - 59 - 31 = 0. What is the highest common factor of t and 312?
6
Let r be (-70)/(-28) + (-9)/6 + 1. What is the highest common factor of 11 and r?
1
Suppose 4*n + u + 2 = -1, 3*u + 9 = -2*n. Let s(z) = z**3 + z**2 + z + 14. Let b be s(n). Calculate the highest common divisor of b and 112.
14
Let m = -17 - -29. Suppose -2*r = -58 + 10. What is the greatest common factor of r and m?
12
Suppose -t + 65 = 4*t. Suppose -5*j - 15 = -x, -3*x + 3*j = -8 - t. Suppose -4*f + 3*s = -2*s - 35, 6 = -2*s. What is the greatest common factor of f and x?
5
Let c(v) = -86*v - 68. Let f be c(-10). What is the greatest common divisor of f and 48?
24
Let r = -9 + 17. Suppose -r*i + 122 = -7*i. Suppose -12 = 4*a, -4*a = -5*w + i + 50. What is the greatest common divisor of 16 and w?
16
Let k(b) = -b**3 + 21*b**2 + 46*b + 5. Let t be k(23). Calculate the greatest common divisor of 15 and t.
5
Suppose 561 = 8*j - 135. What is the highest common divisor of j and 116?
29
Suppose 0*l - 2*l + 22 = 0. Let b(t) = 12*t + 25. Let d be b(8). What is the greatest common divisor of d and l?
11
Let z be 6 - (1 + (-3)/((-3)/(-3))). Calculate the highest common factor of z and 100.
4
Let d(m) = m**2 - 2*m + 3. Let r(v) = v**2 - 7*v + 8. Let u be r(6). Let f be d(u). Let z be (-11)/(1*(2 - f)). Calculate the highest common factor of z and 33.
11
Let s = 38 - -53. Suppose 155 - 103 = 4*a - t, -3*a = -t - 39. Calculate the greatest common divisor of s and a.
13
Suppose 4*b + 37 = 2*l - 81, -l + 5*b + 71 = 0. What is the highest common factor of l and 51?
51
Let r be (-2)/((-1445)/(-290) + -5). Let k = 137 - r. What is the highest common divisor of 3 and k?
3
Suppose 5*n - 505 = -2*h, -2*h + 478 = -20*n + 16*n. Let v be ((-126)/54)/(-1*1/42). Calculate the greatest common divisor of h and v.
49
Suppose 0 = 4*a - 1664 + 404. Suppose 3*y + 3*z - 5 - 118 = 0, 176 = 4*y + z. Calculate the greatest common factor of y and a.
45
Suppose 6*a = 10*a. Suppose -3*k + 28 + 32 = a. What is the highest common factor of 140 and k?
20
Let i be (-1)/(1 + 0 + 4/(-3)). Suppose 0 = i*a - 16 - 104. Suppose 0 = -3*p + 11 + 19. What is the greatest common factor of p and a?
10
Let f be (-2 + 11)/(42/140). Let q be (-134)/(-4) + (-1)/2. Let t = q + -18. Calculate the highest common divisor of f and t.
15
Let v be -34*((-44)/8)/1. Calculate the highest common factor of 33 and v.
11
Suppose u + 2*g - 26 = 50, -222 = -3*u - 3*g. Calculate the highest common divisor of 1980 and u.
36
Let l(m) = m**2 + 35*m + 5. Let d be l(-35). What is the greatest common divisor of 35 and d?
5
Let n(b) = -45*b**3 - b**2 - 5*b - 5. Let j be n(-2). What is the greatest common divisor of 19 and j?
19
Let i(n) = 3*n + 1. Let f be i(3). Let c be f/(69/(-36) + 2). What is the highest common factor of 15 and c?
15
Let n be (29/(1421/1596))/(12/56). Calculate the greatest common factor of n and 3496.
152
Suppose -3*g - 4*z + 74 = 0, -3*z + 2 = -2*z. Calculate the highest common factor of g and 4.
2
Let p = 39 - 11. Let h = 43 - p. Let d be (-6)/(-15) - (-819)/h. What is the highest common divisor of 11 and d?
11
Let n be (5 + -2 + -1)*7. Let c(r) = 18*r**2 - r. Let q be c(2). Calculate the greatest common factor of q and n.
14
Let r(i) = i**3 - 3*i**2 - 3*i + 6. Let c be r(4). Let t = 7 - c. Let l = t - -20. Calculate the greatest common factor of 17 and l.
17
Suppose 5*o - 3*n - 312 - 368 = 0, 276 = 2*o - 2*n. Suppose 0 = -4*f + f. Suppose 5*s = -f*s + 95. Calculate the highest common divisor of o and s.
19
Let h(x) = x**2 - 5*x + 8. Suppose -9*i + 7*i = -12. Let o be h(i). Calculate the highest common factor of o and 21.
7
Suppose 2*a - 3*a - 5*o = 8, -o = 3*a + 52. Let w be ((-32)/18 - -2) + (-626)/a. Calculate the highest common divisor of 14 and w.
7
Let k(u) = u + 26. Let i be k(-15). Suppose 35 - i = o. Let n be 480/78 - 2/13. What is the highest common factor of n and o?
6
Suppose -5*j = -7*j + 36. Let u be (j/(-8))/((-5)/120). Let x = u + -36. What is the greatest common factor of 18 and x?
18
Let s = -75 - -42. Let b be s/(-12) - 5/(-20). Suppose b*x 